{"id":9911,"date":"2021-02-09T09:51:14","date_gmt":"2021-02-09T08:51:14","guid":{"rendered":"https:\/\/www.lasoci.org\/videoteca\/actividades-talleres\/entrevistas\/"},"modified":"2025-04-24T14:20:30","modified_gmt":"2025-04-24T12:20:30","slug":"entrevistas","status":"publish","type":"page","link":"https:\/\/www.lasoci.org\/es\/videoteca\/actividades-talleres\/entrevistas\/","title":{"rendered":"Entrevistas"},"content":{"rendered":"<div class=\"wpb-content-wrapper\"><section class=\"l-section wpb_row height_medium\"><div class=\"l-section-h i-cf\"><div class=\"g-cols vc_row type_default valign_top\"><div class=\"vc_col-sm-6 wpb_column vc_column_container\"><div class=\"vc_column-inner\"><div class=\"wpb_wrapper\"><div class=\"w-image align_none\"><a href=\"https:\/\/www.radiogracia.net\/embed\/podcast?id=radiogracia_podcast_3631\" aria-label=\"Enlace\" class=\"w-image-h\"><img loading=\"lazy\" decoding=\"async\" width=\"762\" height=\"429\" src=\"https:\/\/www.lasoci.org\/wp-content\/uploads\/2025\/04\/radiogracia-1.jpg\" class=\"attachment-large size-large\" alt=\"\" srcset=\"https:\/\/www.lasoci.org\/wp-content\/uploads\/2025\/04\/radiogracia-1.jpg 762w, https:\/\/www.lasoci.org\/wp-content\/uploads\/2025\/04\/radiogracia-1-300x169.jpg 300w, https:\/\/www.lasoci.org\/wp-content\/uploads\/2025\/04\/radiogracia-1-150x84.jpg 150w\" sizes=\"auto, (max-width: 762px) 100vw, 762px\" \/><\/a><\/div><div class=\"wpb_text_column us_custom_23848393\" ><div class=\"wpb_wrapper\"><p>Entrevista en R\u00e0dio Gr\u00e0cia a Josep Artola, miembro de la Teatral, con motivo del centenario de la secci\u00f3n de Teatre Barcelona (catal\u00e1n)<\/p>\n<\/div><\/div><\/div><\/div><\/div><div class=\"vc_col-sm-6 wpb_column vc_column_container\"><div class=\"vc_column-inner\"><div class=\"wpb_wrapper\"><div class=\"w-video align_left ratio_16x9\"><div class=\"w-video-h\"><iframe src=\"\/\/www.youtube.com\/embed\/C86MV9siWIM?autoplay=0&controls=1&origin=https%3A%2F%2Fwww.lasoci.org\" allowfullscreen=\"1\"><\/iframe><\/div><div class=\"w-video-icon\" style=\"font-size:1.5rem;background:rgba(0,0,0,0.5);color:#fff;\"><\/div><\/div><div class=\"wpb_text_column us_custom_23848393\" ><div class=\"wpb_wrapper\"><p>Entrevista al Dr. Bonaventura Clotet (catal\u00e1n)<\/p>\n<\/div><\/div><\/div><\/div><\/div><\/div><\/div><\/section>\n<\/div>","protected":false},"excerpt":{"rendered":"Entrevista en R\u00e0dio Gr\u00e0cia a Josep Artola, miembro de la Teatral, con motivo del centenario de la secci\u00f3n de Teatre Barcelona (catal\u00e1n) Entrevista al Dr. Bonaventura Clotet (catal\u00e1n)","protected":false},"author":2,"featured_media":0,"parent":9623,"menu_order":1,"comment_status":"closed","ping_status":"closed","template":"","meta":{"footnotes":""},"class_list":["post-9911","page","type-page","status-publish","hentry"],"_links":{"self":[{"href":"https:\/\/www.lasoci.org\/es\/wp-json\/wp\/v2\/pages\/9911","targetHints":{"allow":["GET"]}}],"collection":[{"href":"https:\/\/www.lasoci.org\/es\/wp-json\/wp\/v2\/pages"}],"about":[{"href":"https:\/\/www.lasoci.org\/es\/wp-json\/wp\/v2\/types\/page"}],"author":[{"embeddable":true,"href":"https:\/\/www.lasoci.org\/es\/wp-json\/wp\/v2\/users\/2"}],"replies":[{"embeddable":true,"href":"https:\/\/www.lasoci.org\/es\/wp-json\/wp\/v2\/comments?post=9911"}],"version-history":[{"count":5,"href":"https:\/\/www.lasoci.org\/es\/wp-json\/wp\/v2\/pages\/9911\/revisions"}],"predecessor-version":[{"id":16959,"href":"https:\/\/www.lasoci.org\/es\/wp-json\/wp\/v2\/pages\/9911\/revisions\/16959"}],"up":[{"embeddable":true,"href":"https:\/\/www.lasoci.org\/es\/wp-json\/wp\/v2\/pages\/9623"}],"wp:attachment":[{"href":"https:\/\/www.lasoci.org\/es\/wp-json\/wp\/v2\/media?parent=9911"}],"curies":[{"name":"wp","href":"https:\/\/api.w.org\/{rel}","templated":true}]}}

<div class="wpb-content-wrapper"><section class="l-section wpb_row height_medium"><div class="l-section-h i-cf"><div class="g-cols vc_row type_default valign_top"><div class="vc_col-sm-6 wpb_column vc_column_container"><div class="vc_column-inner"><div class="wpb_wrapper"><div class="w-image align_none"><a href="https://www.radiogracia.net/embed/podcast?id=radiogracia_podcast_3631" aria-label="Enlace" class="w-image-h"><img loading="lazy" decoding="async" width="762" height="429" src="https://www.lasoci.org/wp-content/uploads/2025/04/radiogracia-1.jpg" class="attachment-large size-large" alt="" srcset="https://www.lasoci.org/wp-content/uploads/2025/04/radiogracia-1.jpg 762w, https://www.lasoci.org/wp-content/uploads/2025/04/radiogracia-1-300x169.jpg 300w, https://www.lasoci.org/wp-content/uploads/2025/04/radiogracia-1-150x84.jpg 150w" sizes="auto, (max-width: 762px) 100vw, 762px" /></a></div><div class="wpb_text_column us_custom_23848393" ><div class="wpb_wrapper"><p>Entrevista en Ràdio Gràcia a Josep Artola, miembro de la Teatral, con motivo del centenario de la sección de Teatre Barcelona (catalán)</p>
</div></div></div></div></div><div class="vc_col-sm-6 wpb_column vc_column_container"><div class="vc_column-inner"><div class="wpb_wrapper"><div class="w-video align_left ratio_16x9"><div class="w-video-h"><iframe src="//www.youtube.com/embed/C86MV9siWIM?autoplay=0&controls=1&origin=https%3A%2F%2Fwww.lasoci.org" allowfullscreen="1"></iframe></div><div class="w-video-icon" style="font-size:1.5rem;background:rgba(0,0,0,0.5);color:#fff;"></div></div><div class="wpb_text_column us_custom_23848393" ><div class="wpb_wrapper"><p>Entrevista al Dr. Bonaventura Clotet (catalán)</p>
</div></div></div></div></div></div></div></section>
</div>

Entrevista en Ràdio Gràcia a Josep Artola, miembro de la Teatral, con motivo del centenario de la sección de Teatre Barcelona (catalán) Entrevista al Dr. Bonaventura Clotet (catalán)
