{"id":9621,"date":"2020-12-28T11:57:27","date_gmt":"2020-12-28T10:57:27","guid":{"rendered":"https:\/\/www.lasoci.org\/cultura\/teatro\/"},"modified":"2021-02-02T15:46:21","modified_gmt":"2021-02-02T14:46:21","slug":"voluntariado","status":"publish","type":"page","link":"https:\/\/www.lasoci.org\/es\/videoteca\/voluntariado\/","title":{"rendered":"Voluntariado"},"content":{"rendered":"<div class=\"wpb-content-wrapper\"><section class=\"l-section wpb_row height_medium\"><div class=\"l-section-h i-cf\"><div class=\"g-cols vc_row type_default valign_top\"><div class=\"vc_col-sm-6 wpb_column vc_column_container\"><div class=\"vc_column-inner\"><div class=\"wpb_wrapper\"><div class=\"w-video align_left ratio_16x9\"><div class=\"w-video-h\"><iframe src=\"\/\/www.youtube.com\/embed\/RvHYlVfgIus?autoplay=0&controls=1&origin=https%3A%2F%2Fwww.lasoci.org\" allowfullscreen=\"1\"><\/iframe><\/div><div class=\"w-video-icon\" style=\"font-size:1.5rem;background:rgba(0,0,0,0.5);color:#fff;\"><\/div><\/div><div class=\"wpb_text_column us_custom_23848393\" ><div class=\"wpb_wrapper\"><p>ACTIVIDADES SUBACU\u00c1TICAS JA\u00c9N<br \/>\n<strong>Actividades Subacu\u00e1ticas Ja\u00e9n con ni\u00f1os y ni\u00f1as con discapacidad de la Asociaci\u00f3n ANDA 2019<\/strong><\/p>\n<\/div><\/div><\/div><\/div><\/div><div class=\"vc_col-sm-6 wpb_column vc_column_container\"><div class=\"vc_column-inner\"><div class=\"wpb_wrapper\"><div class=\"w-video align_left ratio_16x9\"><div class=\"w-video-h\"><iframe src=\"\/\/www.youtube.com\/embed\/qs8m7P64cvc?autoplay=0&controls=1&origin=https%3A%2F%2Fwww.lasoci.org\" allowfullscreen=\"1\"><\/iframe><\/div><div class=\"w-video-icon\" style=\"font-size:1.5rem;background:rgba(0,0,0,0.5);color:#fff;\"><\/div><\/div><div class=\"wpb_text_column us_custom_23848393\" ><div class=\"wpb_wrapper\"><p>P\u00c1DEL PA\u00cdS VASCO<br \/>\n<strong>P\u00e1del Pa\u00eds Vasco realiza un torneo de p\u00e1del adaptado 2016<\/strong><\/p>\n<\/div><\/div><\/div><\/div><\/div><\/div><\/div><\/section>\n<\/div>","protected":false},"excerpt":{"rendered":"ACTIVIDADES SUBACU\u00c1TICAS JA\u00c9N Actividades Subacu\u00e1ticas Ja\u00e9n con ni\u00f1os y ni\u00f1as con discapacidad de la Asociaci\u00f3n ANDA 2019 P\u00c1DEL PA\u00cdS VASCO P\u00e1del Pa\u00eds Vasco realiza un torneo de p\u00e1del adaptado 2016","protected":false},"author":2,"featured_media":0,"parent":9619,"menu_order":4,"comment_status":"closed","ping_status":"closed","template":"","meta":{"footnotes":""},"class_list":["post-9621","page","type-page","status-publish","hentry"],"_links":{"self":[{"href":"https:\/\/www.lasoci.org\/es\/wp-json\/wp\/v2\/pages\/9621","targetHints":{"allow":["GET"]}}],"collection":[{"href":"https:\/\/www.lasoci.org\/es\/wp-json\/wp\/v2\/pages"}],"about":[{"href":"https:\/\/www.lasoci.org\/es\/wp-json\/wp\/v2\/types\/page"}],"author":[{"embeddable":true,"href":"https:\/\/www.lasoci.org\/es\/wp-json\/wp\/v2\/users\/2"}],"replies":[{"embeddable":true,"href":"https:\/\/www.lasoci.org\/es\/wp-json\/wp\/v2\/comments?post=9621"}],"version-history":[{"count":4,"href":"https:\/\/www.lasoci.org\/es\/wp-json\/wp\/v2\/pages\/9621\/revisions"}],"predecessor-version":[{"id":9782,"href":"https:\/\/www.lasoci.org\/es\/wp-json\/wp\/v2\/pages\/9621\/revisions\/9782"}],"up":[{"embeddable":true,"href":"https:\/\/www.lasoci.org\/es\/wp-json\/wp\/v2\/pages\/9619"}],"wp:attachment":[{"href":"https:\/\/www.lasoci.org\/es\/wp-json\/wp\/v2\/media?parent=9621"}],"curies":[{"name":"wp","href":"https:\/\/api.w.org\/{rel}","templated":true}]}}

<div class="wpb-content-wrapper"><section class="l-section wpb_row height_medium"><div class="l-section-h i-cf"><div class="g-cols vc_row type_default valign_top"><div class="vc_col-sm-6 wpb_column vc_column_container"><div class="vc_column-inner"><div class="wpb_wrapper"><div class="w-video align_left ratio_16x9"><div class="w-video-h"><iframe src="//www.youtube.com/embed/RvHYlVfgIus?autoplay=0&controls=1&origin=https%3A%2F%2Fwww.lasoci.org" allowfullscreen="1"></iframe></div><div class="w-video-icon" style="font-size:1.5rem;background:rgba(0,0,0,0.5);color:#fff;"></div></div><div class="wpb_text_column us_custom_23848393" ><div class="wpb_wrapper"><p>ACTIVIDADES SUBACUÁTICAS JAÉN<br />
<strong>Actividades Subacuáticas Jaén con niños y niñas con discapacidad de la Asociación ANDA 2019</strong></p>
</div></div></div></div></div><div class="vc_col-sm-6 wpb_column vc_column_container"><div class="vc_column-inner"><div class="wpb_wrapper"><div class="w-video align_left ratio_16x9"><div class="w-video-h"><iframe src="//www.youtube.com/embed/qs8m7P64cvc?autoplay=0&controls=1&origin=https%3A%2F%2Fwww.lasoci.org" allowfullscreen="1"></iframe></div><div class="w-video-icon" style="font-size:1.5rem;background:rgba(0,0,0,0.5);color:#fff;"></div></div><div class="wpb_text_column us_custom_23848393" ><div class="wpb_wrapper"><p>PÁDEL PAÍS VASCO<br />
<strong>Pádel País Vasco realiza un torneo de pádel adaptado 2016</strong></p>
</div></div></div></div></div></div></div></section>
</div>

ACTIVIDADES SUBACUÁTICAS JAÉN Actividades Subacuáticas Jaén con niños y niñas con discapacidad de la Asociación ANDA 2019 PÁDEL PAÍS VASCO Pádel País Vasco realiza un torneo de pádel adaptado 2016
