{"id":9329,"date":"2020-10-06T18:58:51","date_gmt":"2020-10-06T16:58:51","guid":{"rendered":"https:\/\/www.lasoci.org\/politica-de-privacidad\/"},"modified":"2020-11-30T15:43:53","modified_gmt":"2020-11-30T14:43:53","slug":"politica-de-privacidad","status":"publish","type":"page","link":"https:\/\/www.lasoci.org\/es\/politica-de-privacidad\/","title":{"rendered":"Pol\u00edtica de privacidad"},"content":{"rendered":"<div class=\"wpb-content-wrapper\"><section class=\"l-section wpb_row height_medium\"><div class=\"l-section-h i-cf\"><div class=\"g-cols vc_row type_default valign_top\"><div class=\"vc_col-sm-12 wpb_column vc_column_container\"><div class=\"vc_column-inner\"><div class=\"wpb_wrapper\"><div class=\"wpb_text_column\" ><div class=\"wpb_wrapper\"><h2>1. INFORMACI\u00d3N AL USUARIO<\/h2>\n<h3>\u00bfQui\u00e9n es el responsable del tratamiento de tus datos personales?<\/h3>\n<p><strong>Associaci\u00f3 del Personal de La Caixa<\/strong> es el RESPONSABLE del tratamiento de los datos personales del USUARIO y le informa de que estos datos ser\u00e1n tratados de conformidad con lo dispuesto en el Reglamento (UE) 2016\/679, de 27 de abril (RGPD), y la Ley Org\u00e1nica 3\/2018, de 5 de diciembre (LOPDGDD).<\/p>\n<h3>\u00bfQu\u00e9 datos tratamos y con qu\u00e9 finalidad?<\/h3>\n<p>En caso de que decidas solicitar el alta como asociado te pediremos los siguientes datos para mantener la relaci\u00f3n comercial: Nombre, apellidos, NIF, fecha de nacimiento, nacionalidad, sexo, estado civil, hijos, situaci\u00f3n, IBAN, tel\u00e9fono, correo electr\u00f3nico, direcci\u00f3n postal, n\u00famero y nombre del centro de trabajo, n\u00famero de empleado y fecha de alta en \u00abla Caixa\u00bb.<\/p>\n<p>Concretamente utilizaremos tus datos para:<\/p>\n<ul>\n<li>Gestionar tu alta como asociado, mantener el contacto, enviarte comunicaciones informativas y gestionar adecuadamente los adeudos correspondientes a tu cuenta. Recuerda que, como parte de tus derechos, est\u00e1s legitimado al reembolso por tu entidad en los t\u00e9rminos y condiciones del contrato subscrito con ella. En su caso, esta solicitud de reembolso ha de efectuarse dentro de las ocho semanas siguientes a la fecha del cargo en cuenta. Para m\u00e1s informaci\u00f3n puedes dirigirte a tu entidad financiera.<\/li>\n<li>de comunicaciones comerciales publicitarias y de las actividades de la asociaci\u00f3n por e-mail, fax, SMS, MMS, redes sociales o cualquier otro medio electr\u00f3nico o f\u00edsico, presente o futuro, que posibilite realizar comunicaciones comerciales. Estas comunicaciones ser\u00e1n realizadas por el RESPONSABLE y estar\u00e1n relacionadas con sus productos y servicios, o de sus colaboradores o proveedores, con los que este haya alcanzado alg\u00fan acuerdo de promoci\u00f3n. En este caso, los terceros nunca tendr\u00e1n acceso a los datos personales.<\/li>\n<li>Tramitar encargos.<\/li>\n<li>Realizar estudios de mercado y an\u00e1lisis estad\u00edsticos.<\/li>\n<li>Remitir comunicaciones comerciales en relaci\u00f3n con las actividades de la Associaci\u00f3 por correo ordinario, e-mail, fax, SMS MMS o redes sociales. Estas comunicaciones ser\u00e1n realizadas por el RESPONSABLE y estar\u00e1n relacionadas con sus productos y servicios o, en su caso, de colaboradores o proveedores con los que este haya alcanzado alg\u00fan acuerdo de promoci\u00f3n. En este caso, los terceros nunca tendr\u00e1n acceso a los datos personales.<\/li>\n<li>Remitir el bolet\u00edn informativo online, sobre novedades, ofertas y promociones en nuestra asociaci\u00f3n.<\/li>\n<\/ul>\n<p>La base legal que nos permite llevar a cabo este tratamiento de tus datos es la relaci\u00f3n contractual entre las partes y, en algunos casos concretos, tu consentimiento.<\/p>\n<ul>\n<li>En caso de que utilices cualquiera de las v\u00edas que te ofrecemos para contactar con nosotros, utilizaremos tus datos de contacto para tramitar solicitudes, dar respuesta a las consultas o cualquier tipo de petici\u00f3n que sea realizada por el USUARIO.<\/li>\n<\/ul>\n<p>La base legal que nos permite llevar a cabo este tratamiento de tus datos es tu consentimiento, que nos prestas de forma expresa al enviar tu solicitud de contacto y nuestro inter\u00e9s leg\u00edtimo en resolver la cuesti\u00f3n que planteas.<\/p>\n<ul>\n<li>Cuando navegas por nuestra p\u00e1gina web, podemos realizar mediciones y, en su caso, analizar tus h\u00e1bitos de navegaci\u00f3n de forma an\u00f3nima.<\/li>\n<\/ul>\n<p>La base legal que nos permite llevar a cabo este tratamiento de tus datos es tu consentimiento, que prestas cuando aceptas la instalaci\u00f3n de nuestras cookies y que puedes revocar o configurar en cualquier momento. Puedes encontrar m\u00e1s informaci\u00f3n sobre el uso de las cookies en nuestra Pol\u00edtica de cookies.<\/p>\n<ul>\n<li>Es habitual que durante el desarrollo de nuestras actividades, se tomen fotograf\u00edas o se realicen grabaciones para su posterior difusi\u00f3n a trav\u00e9s de los canales de la Associaci\u00f3. En caso de que asistas o participes podremos utilizar tu imagen en ese sentido.<\/li>\n<\/ul>\n<p>La base legal que nos permite llevar a cabo este tratamiento de tus datos es tu consentimiento que, en su caso, recabaremos en cada una de las actividades.<\/p>\n<h3>\u00bfDurante cu\u00e1nto tiempo guardaremos tus datos personales?<\/h3>\n<p>Se conservar\u00e1n durante el tiempo estrictamente necesario para cumplir con la finalidad a la que sirven en cada caso. Tras ello, permanecer\u00e1n bloqueados a los solos efectos de atender cualquier responsabilidad u obligaci\u00f3n que pudiera derivarse del tratamiento de los mismos. Tambi\u00e9n podr\u00e1n ser anonimizados y empleados con fines estad\u00edsticos.<\/p>\n<h3>\u00bfA qui\u00e9n facilitamos tus datos personales?<\/h3>\n<p>Cualquier comunicaci\u00f3n de datos que hagamos ser\u00e1 siempre respetando tus derechos y en cumplimiento con la normativa de protecci\u00f3n de datos. En ese sentido, s\u00f3lo comunicaremos tus datos:<\/p>\n<ul>\n<li>A proveedores de servicios que nos ayudan a llevar a cabo nuestra actividad, por ejemplo la imprenta que confecciona los carnets de socios, herramientas inform\u00e1ticas, servicios de soporte t\u00e9cnico, servicios de mensajer\u00eda, etc.<\/li>\n<li>En los casos en que sea necesario para cumplir con nuestras obligaciones legales, los datos podr\u00e1n comunicarse a las autoridades p\u00fablicas y a las Fuerzas y Cuerpos de Seguridad del Estado.<\/li>\n<li>A \u00abla Caixa\u00bb o la Fundaci\u00f3 \u00abla Caixa\u00bb, con quienes estamos en contacto, para asegurar el adecuado desarrollo de todos nuestros procesos.<\/li>\n<\/ul>\n<h3>\u00bfCu\u00e1les son tus derechos?<\/h3>\n<p>Los derechos que asisten al USUARIO son:<\/p>\n<ul>\n<li>Derecho a retirar el consentimiento en cualquier momento.<\/li>\n<li>Derecho de acceso, rectificaci\u00f3n, portabilidad y supresi\u00f3n de sus datos, y de limitaci\u00f3n u oposici\u00f3n a su tratamiento.<\/li>\n<li>Derecho a presentar una reclamaci\u00f3n ante la autoridad de control (www.aepd.es) si considera que el tratamiento no se ajusta a la normativa vigente.<\/li>\n<\/ul>\n<p>Datos de contacto para ejercer sus derechos:<br \/>\nAssociaci\u00f3 del Personal de La Caixa. Sardenya, 521-523 &#8211; 08024 Barcelona (Barcelona). E-mail: info@lasoci.org<\/p>\n<h2>2. CAR\u00c1CTER OBLIGATORIO O FACULTATIVO DE LA INFORMACI\u00d3N FACILITADA POR EL USUARIO<\/h2>\n<p>Los campos marcados con un asterisco (*) en el formulario de contacto o presentados en formularios de descarga son necesarios para atender su petici\u00f3n por parte del prestador, siendo voluntaria la inclusi\u00f3n de datos en los campos restantes. El USUARIO garantiza que los datos personales facilitados al RESPONSABLE son veraces y se hace responsable de comunicar cualquier modificaci\u00f3n de los mismos.<\/p>\n<h2>3. MEDIDAS DE SEGURIDAD<\/h2>\n<p>De conformidad con lo dispuesto en las normativas vigentes en protecci\u00f3n de datos personales, el RESPONSABLE est\u00e1 cumpliendo con todas las disposiciones de las normativas RGPD y LOPDGDD para el tratamiento de los datos personales de su responsabilidad, y manifiestamente con los principios descritos en el art\u00edculo 5 del RGPD, por los cuales son tratados de manera l\u00edcita, leal y transparente en relaci\u00f3n con el interesado y adecuados, pertinentes y limitados a lo necesario en relaci\u00f3n con los fines para los que son tratados.<\/p>\n<p>El RESPONSABLE garantiza que ha implementado pol\u00edticas t\u00e9cnicas y organizativas apropiadas para aplicar las medidas de seguridad que establecen el RGPD y la LOPDGDD con el fin de proteger los derechos y libertades de los USUARIOS y les ha comunicado la informaci\u00f3n adecuada para que puedan ejercerlos.<\/p>\n<p>Para m\u00e1s informaci\u00f3n sobre las garant\u00edas de privacidad, puedes dirigirte al RESPONSABLE a trav\u00e9s de Associaci\u00f3 del Personal de La Caixa. Sardenya, 521-523 &#8211; 08024 Barcelona (Barcelona). E-mail: info@lasoci.org<\/p>\n<\/div><\/div><\/div><\/div><\/div><\/div><\/div><\/section>\n<\/div>","protected":false},"excerpt":{"rendered":"1. INFORMACI\u00d3N AL USUARIO \u00bfQui\u00e9n es el responsable del tratamiento de tus datos personales? Associaci\u00f3 del Personal de La Caixa es el RESPONSABLE del tratamiento de los datos personales del USUARIO y le informa de que estos datos ser\u00e1n tratados de conformidad con lo dispuesto en el Reglamento (UE) 2016\/679, de 27 de abril (RGPD),...","protected":false},"author":2,"featured_media":0,"parent":0,"menu_order":210,"comment_status":"closed","ping_status":"closed","template":"","meta":{"footnotes":""},"class_list":["post-9329","page","type-page","status-publish","hentry"],"_links":{"self":[{"href":"https:\/\/www.lasoci.org\/es\/wp-json\/wp\/v2\/pages\/9329","targetHints":{"allow":["GET"]}}],"collection":[{"href":"https:\/\/www.lasoci.org\/es\/wp-json\/wp\/v2\/pages"}],"about":[{"href":"https:\/\/www.lasoci.org\/es\/wp-json\/wp\/v2\/types\/page"}],"author":[{"embeddable":true,"href":"https:\/\/www.lasoci.org\/es\/wp-json\/wp\/v2\/users\/2"}],"replies":[{"embeddable":true,"href":"https:\/\/www.lasoci.org\/es\/wp-json\/wp\/v2\/comments?post=9329"}],"version-history":[{"count":9,"href":"https:\/\/www.lasoci.org\/es\/wp-json\/wp\/v2\/pages\/9329\/revisions"}],"predecessor-version":[{"id":9487,"href":"https:\/\/www.lasoci.org\/es\/wp-json\/wp\/v2\/pages\/9329\/revisions\/9487"}],"wp:attachment":[{"href":"https:\/\/www.lasoci.org\/es\/wp-json\/wp\/v2\/media?parent=9329"}],"curies":[{"name":"wp","href":"https:\/\/api.w.org\/{rel}","templated":true}]}}

Política de privacidad

<div class="wpb-content-wrapper"><section class="l-section wpb_row height_medium"><div class="l-section-h i-cf"><div class="g-cols vc_row type_default valign_top"><div class="vc_col-sm-12 wpb_column vc_column_container"><div class="vc_column-inner"><div class="wpb_wrapper"><div class="wpb_text_column" ><div class="wpb_wrapper"><h2>1. INFORMACIÓN AL USUARIO</h2>
<h3>¿Quién es el responsable del tratamiento de tus datos personales?</h3>
<p><strong>Associació del Personal de La Caixa</strong> es el RESPONSABLE del tratamiento de los datos personales del USUARIO y le informa de que estos datos serán tratados de conformidad con lo dispuesto en el Reglamento (UE) 2016/679, de 27 de abril (RGPD), y la Ley Orgánica 3/2018, de 5 de diciembre (LOPDGDD).</p>
<h3>¿Qué datos tratamos y con qué finalidad?</h3>
<p>En caso de que decidas solicitar el alta como asociado te pediremos los siguientes datos para mantener la relación comercial: Nombre, apellidos, NIF, fecha de nacimiento, nacionalidad, sexo, estado civil, hijos, situación, IBAN, teléfono, correo electrónico, dirección postal, número y nombre del centro de trabajo, número de empleado y fecha de alta en «la Caixa».</p>
<p>Concretamente utilizaremos tus datos para:</p>
<ul>
<li>Gestionar tu alta como asociado, mantener el contacto, enviarte comunicaciones informativas y gestionar adecuadamente los adeudos correspondientes a tu cuenta. Recuerda que, como parte de tus derechos, estás legitimado al reembolso por tu entidad en los términos y condiciones del contrato subscrito con ella. En su caso, esta solicitud de reembolso ha de efectuarse dentro de las ocho semanas siguientes a la fecha del cargo en cuenta. Para más información puedes dirigirte a tu entidad financiera.</li>
<li>de comunicaciones comerciales publicitarias y de las actividades de la asociación por e-mail, fax, SMS, MMS, redes sociales o cualquier otro medio electrónico o físico, presente o futuro, que posibilite realizar comunicaciones comerciales. Estas comunicaciones serán realizadas por el RESPONSABLE y estarán relacionadas con sus productos y servicios, o de sus colaboradores o proveedores, con los que este haya alcanzado algún acuerdo de promoción. En este caso, los terceros nunca tendrán acceso a los datos personales.</li>
<li>Tramitar encargos.</li>
<li>Realizar estudios de mercado y análisis estadísticos.</li>
<li>Remitir comunicaciones comerciales en relación con las actividades de la Associació por correo ordinario, e-mail, fax, SMS MMS o redes sociales. Estas comunicaciones serán realizadas por el RESPONSABLE y estarán relacionadas con sus productos y servicios o, en su caso, de colaboradores o proveedores con los que este haya alcanzado algún acuerdo de promoción. En este caso, los terceros nunca tendrán acceso a los datos personales.</li>
<li>Remitir el boletín informativo online, sobre novedades, ofertas y promociones en nuestra asociación.</li>
</ul>
<p>La base legal que nos permite llevar a cabo este tratamiento de tus datos es la relación contractual entre las partes y, en algunos casos concretos, tu consentimiento.</p>
<ul>
<li>En caso de que utilices cualquiera de las vías que te ofrecemos para contactar con nosotros, utilizaremos tus datos de contacto para tramitar solicitudes, dar respuesta a las consultas o cualquier tipo de petición que sea realizada por el USUARIO.</li>
</ul>
<p>La base legal que nos permite llevar a cabo este tratamiento de tus datos es tu consentimiento, que nos prestas de forma expresa al enviar tu solicitud de contacto y nuestro interés legítimo en resolver la cuestión que planteas.</p>
<ul>
<li>Cuando navegas por nuestra página web, podemos realizar mediciones y, en su caso, analizar tus hábitos de navegación de forma anónima.</li>
</ul>
<p>La base legal que nos permite llevar a cabo este tratamiento de tus datos es tu consentimiento, que prestas cuando aceptas la instalación de nuestras cookies y que puedes revocar o configurar en cualquier momento. Puedes encontrar más información sobre el uso de las cookies en nuestra Política de cookies.</p>
<ul>
<li>Es habitual que durante el desarrollo de nuestras actividades, se tomen fotografías o se realicen grabaciones para su posterior difusión a través de los canales de la Associació. En caso de que asistas o participes podremos utilizar tu imagen en ese sentido.</li>
</ul>
<p>La base legal que nos permite llevar a cabo este tratamiento de tus datos es tu consentimiento que, en su caso, recabaremos en cada una de las actividades.</p>
<h3>¿Durante cuánto tiempo guardaremos tus datos personales?</h3>
<p>Se conservarán durante el tiempo estrictamente necesario para cumplir con la finalidad a la que sirven en cada caso. Tras ello, permanecerán bloqueados a los solos efectos de atender cualquier responsabilidad u obligación que pudiera derivarse del tratamiento de los mismos. También podrán ser anonimizados y empleados con fines estadísticos.</p>
<h3>¿A quién facilitamos tus datos personales?</h3>
<p>Cualquier comunicación de datos que hagamos será siempre respetando tus derechos y en cumplimiento con la normativa de protección de datos. En ese sentido, sólo comunicaremos tus datos:</p>
<ul>
<li>A proveedores de servicios que nos ayudan a llevar a cabo nuestra actividad, por ejemplo la imprenta que confecciona los carnets de socios, herramientas informáticas, servicios de soporte técnico, servicios de mensajería, etc.</li>
<li>En los casos en que sea necesario para cumplir con nuestras obligaciones legales, los datos podrán comunicarse a las autoridades públicas y a las Fuerzas y Cuerpos de Seguridad del Estado.</li>
<li>A «la Caixa» o la Fundació «la Caixa», con quienes estamos en contacto, para asegurar el adecuado desarrollo de todos nuestros procesos.</li>
</ul>
<h3>¿Cuáles son tus derechos?</h3>
<p>Los derechos que asisten al USUARIO son:</p>
<ul>
<li>Derecho a retirar el consentimiento en cualquier momento.</li>
<li>Derecho de acceso, rectificación, portabilidad y supresión de sus datos, y de limitación u oposición a su tratamiento.</li>
<li>Derecho a presentar una reclamación ante la autoridad de control (www.aepd.es) si considera que el tratamiento no se ajusta a la normativa vigente.</li>
</ul>
<p>Datos de contacto para ejercer sus derechos:<br />
Associació del Personal de La Caixa. Sardenya, 521-523 &#8211; 08024 Barcelona (Barcelona). E-mail: info@lasoci.org</p>
<h2>2. CARÁCTER OBLIGATORIO O FACULTATIVO DE LA INFORMACIÓN FACILITADA POR EL USUARIO</h2>
<p>Los campos marcados con un asterisco (*) en el formulario de contacto o presentados en formularios de descarga son necesarios para atender su petición por parte del prestador, siendo voluntaria la inclusión de datos en los campos restantes. El USUARIO garantiza que los datos personales facilitados al RESPONSABLE son veraces y se hace responsable de comunicar cualquier modificación de los mismos.</p>
<h2>3. MEDIDAS DE SEGURIDAD</h2>
<p>De conformidad con lo dispuesto en las normativas vigentes en protección de datos personales, el RESPONSABLE está cumpliendo con todas las disposiciones de las normativas RGPD y LOPDGDD para el tratamiento de los datos personales de su responsabilidad, y manifiestamente con los principios descritos en el artículo 5 del RGPD, por los cuales son tratados de manera lícita, leal y transparente en relación con el interesado y adecuados, pertinentes y limitados a lo necesario en relación con los fines para los que son tratados.</p>
<p>El RESPONSABLE garantiza que ha implementado políticas técnicas y organizativas apropiadas para aplicar las medidas de seguridad que establecen el RGPD y la LOPDGDD con el fin de proteger los derechos y libertades de los USUARIOS y les ha comunicado la información adecuada para que puedan ejercerlos.</p>
<p>Para más información sobre las garantías de privacidad, puedes dirigirte al RESPONSABLE a través de Associació del Personal de La Caixa. Sardenya, 521-523 &#8211; 08024 Barcelona (Barcelona). E-mail: info@lasoci.org</p>
</div></div></div></div></div></div></div></section>
</div>

1. INFORMACIÓN AL USUARIO ¿Quién es el responsable del tratamiento de tus datos personales? Associació del Personal de La Caixa es el RESPONSABLE del tratamiento de los datos personales del USUARIO y le informa de que estos datos serán tratados de conformidad con lo dispuesto en el Reglamento (UE) 2016/679, de 27 de abril (RGPD),...
