{"id":8103,"date":"2020-02-10T11:29:58","date_gmt":"2020-02-10T10:29:58","guid":{"rendered":"https:\/\/www.lasoci.org\/quien-somos\/alta-de-beneficiario\/"},"modified":"2024-06-17T08:01:34","modified_gmt":"2024-06-17T06:01:34","slug":"alta-de-beneficiario","status":"publish","type":"page","link":"https:\/\/www.lasoci.org\/es\/quien-somos\/alta-de-beneficiario\/","title":{"rendered":"alta de beneficiario"},"content":{"rendered":"<div class=\"wpb-content-wrapper\"><section class=\"l-section wpb_row height_small color_alternate\"><div class=\"l-section-h i-cf\"><div class=\"g-cols vc_row type_default valign_top\"><div class=\"vc_col-sm-12 wpb_column vc_column_container\"><div class=\"vc_column-inner\"><div class=\"wpb_wrapper\"><div class=\"g-cols wpb_row  type_default valign_top vc_inner\"><div class=\"vc_col-sm-12 wpb_column vc_column_container\"><div class=\"vc_column-inner\"><div class=\"wpb_wrapper\"><div class=\"wpb_text_column\" ><div class=\"wpb_wrapper\"><h2 style=\"text-align: center;\">Oficina Virtual<\/h2>\n<p style=\"text-align: center;\">Actualiza tus datos de contacto, tus intereses y habilidades y tus claves de acceso tanto de la web como de la aplicaci\u00f3n m\u00f3vil.<\/p>\n<\/div><\/div><\/div><\/div><\/div><\/div><div class=\"g-cols wpb_row  us_custom_380efbde type_default valign_top vc_inner\"><div class=\"vc_col-sm-1\/5 wpb_column vc_column_container\"><div class=\"vc_column-inner\"><div class=\"wpb_wrapper\"><div class=\"w-btn-wrapper width_auto align_left\"><a class=\"w-btn us-btn-style_1\" title=\"Mis datos\" href=\"https:\/\/www.lasoci.org\/es\/quien-somos\/mis-datos\/\"><span class=\"w-btn-label\">MIS DATOS<\/span><\/a><\/div><\/div><\/div><\/div><div class=\"vc_col-sm-1\/5 wpb_column vc_column_container\"><div class=\"vc_column-inner\"><div class=\"wpb_wrapper\"><div class=\"w-btn-wrapper width_auto align_left\"><a class=\"w-btn us-btn-style_1\" title=\"Mis datos\" href=\"https:\/\/www.lasoci.org\/es\/quien-somos\/perfil-acceso\/\"><span class=\"w-btn-label\">CAMBIO DE CONTRASE\u00d1A<\/span><\/a><\/div><\/div><\/div><\/div><div class=\"vc_col-sm-1\/5 wpb_column vc_column_container\"><div class=\"vc_column-inner\"><div class=\"wpb_wrapper\"><div class=\"w-btn-wrapper width_auto align_left\"><a class=\"w-btn us-btn-style_1\" title=\"Mis datos\" href=\"https:\/\/www.lasoci.org\/es\/quien-somos\/alta-de-beneficiario\/\"><span class=\"w-btn-label\">ALTA DE BENEFICIARIOS<\/span><\/a><\/div><\/div><\/div><\/div><div class=\"vc_col-sm-1\/5 wpb_column vc_column_container\"><div class=\"vc_column-inner\"><div class=\"wpb_wrapper\"><div class=\"w-btn-wrapper width_auto align_left\"><a class=\"w-btn us-btn-style_1\" title=\"Mis datos\" href=\"https:\/\/www.lasoci.org\/es\/quien-somos\/directorio-de-asociados\/\"><span class=\"w-btn-label\">DIRECTORIO DE ASOCIADOS<\/span><\/a><\/div><\/div><\/div><\/div><div class=\"vc_col-sm-1\/5 wpb_column vc_column_container\"><div class=\"vc_column-inner\"><div class=\"wpb_wrapper\"><div class=\"w-btn-wrapper width_auto align_left\"><a class=\"w-btn us-btn-style_1\" title=\"Mis datos\" href=\"https:\/\/www.lasoci.org\/es\/quien-somos\/habilidades-e-intereses\/\"><span class=\"w-btn-label\">HABILIDADES E INTERESES<\/span><\/a><\/div><\/div><\/div><\/div><\/div><\/div><\/div><\/div><\/div><\/div><\/section><section class=\"l-section wpb_row height_medium\"><div class=\"l-section-h i-cf\"><div class=\"g-cols vc_row type_default valign_top\"><div class=\"vc_col-sm-12 wpb_column vc_column_container\"><div class=\"vc_column-inner\"><div class=\"wpb_wrapper\"><div class=\"wpb_text_column\" ><div class=\"wpb_wrapper\"><h2>Alta de familiar beneficiario<\/h2>\n<p>Como asociado o asociada puedes solicitar el alta de aquellos familiares tuyos de primer y segundo grado. As\u00ed pues, abuelos, padres, hermanos, hijos y nietos, as\u00ed como el c\u00f3nyuge o pareja, abuelos del c\u00f3nyuge o pareja, suegros, cu\u00f1ados y yerno\/nuera, sin que sea necesario que haya convivencia.<\/p>\n<p>Un familiar beneficiario podr\u00e1 apuntarse a cualquier secci\u00f3n o actividad de la Soci, y recibir aportaciones econ\u00f3micas para participar de las actividades de las secciones de las que forme parte.<\/p>\n<p>La cuota anual para los familiares beneficiarios mayores de 17 a\u00f1os (los menores de esta edad tienen cuota 0,00 euros) es de 45 euros. Estos importes corresponden a los 12 meses del a\u00f1o natural en curso.<\/p>\n<p>Para las nuevas altas, el importe de la cuota se calcula en proporci\u00f3n a los meses que resten de a\u00f1o natural en el momento de solicitar el alta (siendo el importe m\u00ednimo de tres mensualidades), a contar a partir del mes siguiente a la aprobaci\u00f3n del alta.<\/p>\n<p>El alta comporta la confecci\u00f3n del carn\u00e9 de la Associaci\u00f3, que para los familiares beneficiarios tiene un coste de 4 euros.<\/p>\n<p>Utiliza este formulario para solicitar el alta de familiares beneficiarios:<\/p>\n<\/div><\/div><\/div><\/div><\/div><\/div><\/div><\/section><section class=\"l-section wpb_row height_medium\"><div class=\"l-section-h i-cf\"><div class=\"g-cols vc_row type_default valign_top\"><div class=\"vc_col-sm-12 wpb_column vc_column_container\"><div class=\"vc_column-inner\"><div class=\"wpb_wrapper\">[vc_raw_html]W2ZpbmlzX2Zvcm11bGFyaV9hbHRhX2JlbmVmaWNpYXJpXQ==[\/vc_raw_html]<\/div><\/div><\/div><\/div><\/div><\/section>\n<\/div>","protected":false},"excerpt":{"rendered":"Oficina Virtual Actualiza tus datos de contacto, tus intereses y habilidades y tus claves de acceso tanto de la web como de la aplicaci\u00f3n m\u00f3vil. MIS DATOSCAMBIO DE CONTRASE\u00d1AALTA DE BENEFICIARIOSDIRECTORIO DE ASOCIADOSHABILIDADES E INTERESESAlta de familiar beneficiario Como asociado o asociada puedes solicitar el alta de aquellos familiares tuyos de primer y segundo grado....","protected":false},"author":2,"featured_media":0,"parent":7905,"menu_order":0,"comment_status":"closed","ping_status":"closed","template":"","meta":{"footnotes":""},"class_list":["post-8103","page","type-page","status-publish","hentry"],"_links":{"self":[{"href":"https:\/\/www.lasoci.org\/es\/wp-json\/wp\/v2\/pages\/8103","targetHints":{"allow":["GET"]}}],"collection":[{"href":"https:\/\/www.lasoci.org\/es\/wp-json\/wp\/v2\/pages"}],"about":[{"href":"https:\/\/www.lasoci.org\/es\/wp-json\/wp\/v2\/types\/page"}],"author":[{"embeddable":true,"href":"https:\/\/www.lasoci.org\/es\/wp-json\/wp\/v2\/users\/2"}],"replies":[{"embeddable":true,"href":"https:\/\/www.lasoci.org\/es\/wp-json\/wp\/v2\/comments?post=8103"}],"version-history":[{"count":7,"href":"https:\/\/www.lasoci.org\/es\/wp-json\/wp\/v2\/pages\/8103\/revisions"}],"predecessor-version":[{"id":15914,"href":"https:\/\/www.lasoci.org\/es\/wp-json\/wp\/v2\/pages\/8103\/revisions\/15914"}],"up":[{"embeddable":true,"href":"https:\/\/www.lasoci.org\/es\/wp-json\/wp\/v2\/pages\/7905"}],"wp:attachment":[{"href":"https:\/\/www.lasoci.org\/es\/wp-json\/wp\/v2\/media?parent=8103"}],"curies":[{"name":"wp","href":"https:\/\/api.w.org\/{rel}","templated":true}]}}

<div class="wpb-content-wrapper"><section class="l-section wpb_row height_small color_alternate"><div class="l-section-h i-cf"><div class="g-cols vc_row type_default valign_top"><div class="vc_col-sm-12 wpb_column vc_column_container"><div class="vc_column-inner"><div class="wpb_wrapper"><div class="g-cols wpb_row  type_default valign_top vc_inner"><div class="vc_col-sm-12 wpb_column vc_column_container"><div class="vc_column-inner"><div class="wpb_wrapper"><div class="wpb_text_column" ><div class="wpb_wrapper"><h2 style="text-align: center;">Oficina Virtual</h2>
<p style="text-align: center;">Actualiza tus datos de contacto, tus intereses y habilidades y tus claves de acceso tanto de la web como de la aplicación móvil.</p>
</div></div></div></div></div></div><div class="g-cols wpb_row  us_custom_380efbde type_default valign_top vc_inner"><div class="vc_col-sm-1/5 wpb_column vc_column_container"><div class="vc_column-inner"><div class="wpb_wrapper"><div class="w-btn-wrapper width_auto align_left"><a class="w-btn us-btn-style_1" title="Mis datos" href="https://www.lasoci.org/es/quien-somos/mis-datos/"><span class="w-btn-label">MIS DATOS</span></a></div></div></div></div><div class="vc_col-sm-1/5 wpb_column vc_column_container"><div class="vc_column-inner"><div class="wpb_wrapper"><div class="w-btn-wrapper width_auto align_left"><a class="w-btn us-btn-style_1" title="Mis datos" href="https://www.lasoci.org/es/quien-somos/perfil-acceso/"><span class="w-btn-label">CAMBIO DE CONTRASEÑA</span></a></div></div></div></div><div class="vc_col-sm-1/5 wpb_column vc_column_container"><div class="vc_column-inner"><div class="wpb_wrapper"><div class="w-btn-wrapper width_auto align_left"><a class="w-btn us-btn-style_1" title="Mis datos" href="https://www.lasoci.org/es/quien-somos/alta-de-beneficiario/"><span class="w-btn-label">ALTA DE BENEFICIARIOS</span></a></div></div></div></div><div class="vc_col-sm-1/5 wpb_column vc_column_container"><div class="vc_column-inner"><div class="wpb_wrapper"><div class="w-btn-wrapper width_auto align_left"><a class="w-btn us-btn-style_1" title="Mis datos" href="https://www.lasoci.org/es/quien-somos/directorio-de-asociados/"><span class="w-btn-label">DIRECTORIO DE ASOCIADOS</span></a></div></div></div></div><div class="vc_col-sm-1/5 wpb_column vc_column_container"><div class="vc_column-inner"><div class="wpb_wrapper"><div class="w-btn-wrapper width_auto align_left"><a class="w-btn us-btn-style_1" title="Mis datos" href="https://www.lasoci.org/es/quien-somos/habilidades-e-intereses/"><span class="w-btn-label">HABILIDADES E INTERESES</span></a></div></div></div></div></div></div></div></div></div></div></section><section class="l-section wpb_row height_medium"><div class="l-section-h i-cf"><div class="g-cols vc_row type_default valign_top"><div class="vc_col-sm-12 wpb_column vc_column_container"><div class="vc_column-inner"><div class="wpb_wrapper"><div class="wpb_text_column" ><div class="wpb_wrapper"><h2>Alta de familiar beneficiario</h2>
<p>Como asociado o asociada puedes solicitar el alta de aquellos familiares tuyos de primer y segundo grado. Así pues, abuelos, padres, hermanos, hijos y nietos, así como el cónyuge o pareja, abuelos del cónyuge o pareja, suegros, cuñados y yerno/nuera, sin que sea necesario que haya convivencia.</p>
<p>Un familiar beneficiario podrá apuntarse a cualquier sección o actividad de la Soci, y recibir aportaciones económicas para participar de las actividades de las secciones de las que forme parte.</p>
<p>La cuota anual para los familiares beneficiarios mayores de 17 años (los menores de esta edad tienen cuota 0,00 euros) es de 45 euros. Estos importes corresponden a los 12 meses del año natural en curso.</p>
<p>Para las nuevas altas, el importe de la cuota se calcula en proporción a los meses que resten de año natural en el momento de solicitar el alta (siendo el importe mínimo de tres mensualidades), a contar a partir del mes siguiente a la aprobación del alta.</p>
<p>El alta comporta la confección del carné de la Associació, que para los familiares beneficiarios tiene un coste de 4 euros.</p>
<p>Utiliza este formulario para solicitar el alta de familiares beneficiarios:</p>
</div></div></div></div></div></div></div></section><section class="l-section wpb_row height_medium"><div class="l-section-h i-cf"><div class="g-cols vc_row type_default valign_top"><div class="vc_col-sm-12 wpb_column vc_column_container"><div class="vc_column-inner"><div class="wpb_wrapper">[vc_raw_html]W2ZpbmlzX2Zvcm11bGFyaV9hbHRhX2JlbmVmaWNpYXJpXQ==[/vc_raw_html]</div></div></div></div></div></section>
</div>

Oficina Virtual Actualiza tus datos de contacto, tus intereses y habilidades y tus claves de acceso tanto de la web como de la aplicación móvil. MIS DATOSCAMBIO DE CONTRASEÑAALTA DE BENEFICIARIOSDIRECTORIO DE ASOCIADOSHABILIDADES E INTERESESAlta de familiar beneficiario Como asociado o asociada puedes solicitar el alta de aquellos familiares tuyos de primer y segundo grado....
