{"id":7933,"date":"2020-02-06T11:17:21","date_gmt":"2020-02-06T10:17:21","guid":{"rendered":"https:\/\/www.lasoci.org\/alta-on-line\/"},"modified":"2026-01-22T12:09:03","modified_gmt":"2026-01-22T11:09:03","slug":"alta-on-line","status":"publish","type":"page","link":"https:\/\/www.lasoci.org\/es\/alta-on-line\/","title":{"rendered":"Alta on-line"},"content":{"rendered":"<div class=\"wpb-content-wrapper\"><section class=\"l-section wpb_row height_medium with_overlay\"><div class=\"l-section-overlay\" style=\"background: #ffffff\"><\/div><div class=\"l-section-h i-cf\"><div class=\"g-cols vc_row type_default valign_top\"><div class=\"vc_col-sm-12 wpb_column vc_column_container\"><div class=\"vc_column-inner\"><div class=\"wpb_wrapper\">[vc_raw_html]W2Zvcm11bGFyaV9hbHRhX2Fzc29jaWF0XQ==[\/vc_raw_html]<\/div><\/div><\/div><\/div><\/div><\/section><section class=\"l-section wpb_row height_auto width_full with_overlay\" id=\"intro\"><div class=\"l-section-overlay\" style=\"background: #f5f5f5\"><\/div><div class=\"l-section-h i-cf\"><div class=\"g-cols vc_row type_default valign_top\"><div class=\"vc_col-sm-12 wpb_column vc_column_container\"><div class=\"vc_column-inner\"><div class=\"wpb_wrapper\"><div class=\"g-cols wpb_row  type_boxes valign_top vc_inner\"><div class=\"vc_col-sm-6 wpb_column vc_column_container has-fill\"><div class=\"vc_column-inner us_custom_61f533f9\"><div class=\"wpb_wrapper\"><\/div><\/div><\/div><div class=\"vc_col-sm-6 wpb_column vc_column_container\"><div class=\"vc_column-inner us_custom_5207ad5b\"><div class=\"wpb_wrapper\"><div class=\"wpb_text_column\" ><div class=\"wpb_wrapper\"><h2 class=\"m-3660141812691238551msonospacing\">\u00a1No te lo pienses m\u00e1s!<\/h2>\n<p>Si trabajas en CaixaBank o la Fundaci\u00f3n \u00abla Caixa\u00bb te puedes dar de alta en la Asociaci\u00f3n del Personal de \u00abla Caixa\u00bb y disfrutar del deporte, la cultura, la solidaridad y las muchas ventajas que tenemos y que queremos compartir contigo.<\/p>\n<p>Hacerse de la Soci y formar parte de esta gran familia implica poder apuntarse a cualquier secci\u00f3n o actividad de la Asociaci\u00f3n, y recibir aportaciones econ\u00f3micas por participar de las actividades de las secciones de las que formes parte.<\/p>\n<\/div><\/div><\/div><\/div><\/div><\/div><\/div><\/div><\/div><\/div><\/div><\/section><section class=\"l-section wpb_row height_small color_secondary\"><div class=\"l-section-h i-cf\"><div class=\"g-cols vc_row type_default valign_top\"><div class=\"vc_col-sm-12 wpb_column vc_column_container\"><div class=\"vc_column-inner\"><div class=\"wpb_wrapper\"><div class=\"wpb_text_column\" ><div class=\"wpb_wrapper\"><h2 style=\"text-align: center;\">Te invitamos a ser de los nuestros<\/h2>\n<\/div><\/div><\/div><\/div><\/div><\/div><\/div><\/section><section class=\"l-section wpb_row height_medium color_alternate\"><div class=\"l-section-h i-cf\"><div class=\"g-cols vc_row type_default valign_top\"><div class=\"vc_col-sm-8 wpb_column vc_column_container\"><div class=\"vc_column-inner\"><div class=\"wpb_wrapper\"><div class=\"wpb_text_column\" ><div class=\"wpb_wrapper\"><h2><span style=\"color: #ed6b00;\">PREGUNTAS FRECUENTES<\/span><\/h2>\n<\/div><\/div><div class=\"w-separator size_medium\"><\/div><div class=\"w-tabs style_default switch_click accordion has_scrolling title_atleft icon_chevron iconpos_right\"><div class=\"w-tabs-sections\"><div class=\"w-tabs-sections-h\"><div class=\"w-tabs-section with_icon\" id=\"1574795568296-aa725e24-209f\"><button aria-controls=\"content-1574795568296-aa725e24-209f\" class=\"w-tabs-section-header\"><div class=\"w-tabs-section-header-h\"><i class=\"fas fa-question-circle\"><\/i><div class=\"w-tabs-section-title\">\u00bfQui\u00e9n se puede asociar?<\/div><div class=\"w-tabs-section-control\"><\/div><\/div><\/button><div class=\"w-tabs-section-content\" id=\"content-1574795568296-aa725e24-209f\" aria-expanded=\"false\"><div class=\"w-tabs-section-content-h i-cf\"><div class=\"wpb_text_column\" ><div class=\"wpb_wrapper\"><p>Todos los empleados en activo, jubilados, prejubilados y afectados por un ERE de CaixaBank y la Fundaci\u00f3n \u00abla Caixa\u00bb pueden formar parte de la Asociaci\u00f3n del Personal de \u00abla Caixa\u00bb.<\/p>\n<\/div><\/div><\/div><\/div><\/div><div class=\"w-tabs-section with_icon\" id=\"1574795568331-8418e140-c7b4\"><button aria-controls=\"content-1574795568331-8418e140-c7b4\" class=\"w-tabs-section-header\"><div class=\"w-tabs-section-header-h\"><i class=\"fas fa-question-circle\"><\/i><div class=\"w-tabs-section-title\">\u00bfMi familia se puede beneficiar?<\/div><div class=\"w-tabs-section-control\"><\/div><\/div><\/button><div class=\"w-tabs-section-content\" id=\"content-1574795568331-8418e140-c7b4\" aria-expanded=\"false\"><div class=\"w-tabs-section-content-h i-cf\"><div class=\"wpb_text_column\" ><div class=\"wpb_wrapper\"><p>S\u00ed, los familiares de primer y segundo grado de un asociado tambi\u00e9n pueden darse de alta en la Soci y beneficiarse de todas las ventajas. As\u00ed pues, abuelos, padres, hermanos, hijos y nietos, as\u00ed como el c\u00f3nyuge o pareja, abuelos del c\u00f3nyuge o pareja, suegros, cu\u00f1ados y yerno \/ nuera, sin que sea necesario que haya convivencia.<\/p>\n<\/div><\/div><\/div><\/div><\/div><div class=\"w-tabs-section with_icon\" id=\"1574795568369-0a4dff31-3bc4\"><button aria-controls=\"content-1574795568369-0a4dff31-3bc4\" class=\"w-tabs-section-header\"><div class=\"w-tabs-section-header-h\"><i class=\"fas fa-question-circle\"><\/i><div class=\"w-tabs-section-title\">\u00bfEstoy obligado a ser de alguna secci\u00f3n?<\/div><div class=\"w-tabs-section-control\"><\/div><\/div><\/button><div class=\"w-tabs-section-content\" id=\"content-1574795568369-0a4dff31-3bc4\" aria-expanded=\"false\"><div class=\"w-tabs-section-content-h i-cf\"><div class=\"wpb_text_column\" ><div class=\"wpb_wrapper\"><p>No, no es necesario. Siempre puedes beneficiarte de actividades para toda la familia, de las ventajas al colectivo y participar en todas las actividades del PAS-Voluntarios de \u00abla Caixa\u00bb.<\/p>\n<\/div><\/div><\/div><\/div><\/div><div class=\"w-tabs-section with_icon\" id=\"1574795568408-6e157c64-dd94\"><button aria-controls=\"content-1574795568408-6e157c64-dd94\" class=\"w-tabs-section-header\"><div class=\"w-tabs-section-header-h\"><i class=\"fas fa-question-circle\"><\/i><div class=\"w-tabs-section-title\">\u00bfPuedo crear una secci\u00f3n nueva?<\/div><div class=\"w-tabs-section-control\"><\/div><\/div><\/button><div class=\"w-tabs-section-content\" id=\"content-1574795568408-6e157c64-dd94\" aria-expanded=\"false\"><div class=\"w-tabs-section-content-h i-cf\"><div class=\"wpb_text_column\" ><div class=\"wpb_wrapper\"><p>S\u00ed, si no encuentras la secci\u00f3n a la que te gustar\u00eda apuntarte en tu zona, puedes crearla. S\u00f3lo tienes que hacer la propuesta y, si hay qu\u00f3rum, ya podr\u00e1s practicar tu afici\u00f3n.<\/p>\n<\/div><\/div><\/div><\/div><\/div><div class=\"w-tabs-section with_icon\" id=\"1574795568448-7218f730-6247\"><button aria-controls=\"content-1574795568448-7218f730-6247\" class=\"w-tabs-section-header\"><div class=\"w-tabs-section-header-h\"><i class=\"fas fa-question-circle\"><\/i><div class=\"w-tabs-section-title\">\u00bfHasta cu\u00e1ndo puedo ser de La Soci?<\/div><div class=\"w-tabs-section-control\"><\/div><\/div><\/button><div class=\"w-tabs-section-content\" id=\"content-1574795568448-7218f730-6247\" aria-expanded=\"false\"><div class=\"w-tabs-section-content-h i-cf\"><div class=\"wpb_text_column\" ><div class=\"wpb_wrapper\"><p>Puedes formar parte de la Soci siempre que seas trabajador de CaixaBank o la Fundaci\u00f3n \u00abla Caixa\u00bb, y tambi\u00e9n si te jubilas, te has prejubilado o te acoges a un ERE en alguna de estas dos entidades.<\/p>\n<\/div><\/div><\/div><\/div><\/div><div class=\"w-tabs-section with_icon\" id=\"1574795568486-e7dee384-f4a8\"><button aria-controls=\"content-1574795568486-e7dee384-f4a8\" class=\"w-tabs-section-header\"><div class=\"w-tabs-section-header-h\"><i class=\"fas fa-question-circle\"><\/i><div class=\"w-tabs-section-title\">\u00bfC\u00f3mo me puedo dar de alta de La Soci?<\/div><div class=\"w-tabs-section-control\"><\/div><\/div><\/button><div class=\"w-tabs-section-content\" id=\"content-1574795568486-e7dee384-f4a8\" aria-expanded=\"false\"><div class=\"w-tabs-section-content-h i-cf\"><div class=\"wpb_text_column\" ><div class=\"wpb_wrapper\"><p>Para date de alta y poder disfrutar de todos los servicios y las ventajas de nuestro colectivo simplemente pulse la opci\u00f3n \u00ab<a href=\"https:\/\/www.lasoci.org\/es\/alta-on-line\/\">as\u00f3ciate<\/a>\u00bb y rellena el formulario que encontrar\u00e1s.<\/p>\n<\/div><\/div><\/div><\/div><\/div><div class=\"w-tabs-section with_icon\" id=\"1574795568523-204b7066-626b\"><button aria-controls=\"content-1574795568523-204b7066-626b\" class=\"w-tabs-section-header\"><div class=\"w-tabs-section-header-h\"><i class=\"fas fa-question-circle\"><\/i><div class=\"w-tabs-section-title\">\u00bfCu\u00e1nto cuesta ser de La Soci?<\/div><div class=\"w-tabs-section-control\"><\/div><\/div><\/button><div class=\"w-tabs-section-content\" id=\"content-1574795568523-204b7066-626b\" aria-expanded=\"false\"><div class=\"w-tabs-section-content-h i-cf\"><div class=\"wpb_text_column\" ><div class=\"wpb_wrapper\"><p>Un importe simb\u00f3lico: la cuota anual para asociados es de 49,50 euros y de 45 euros la de los familiares mayores de 17 a\u00f1os (los menores de esta edad tienen cuota gratuita). Estos importes corresponden a los 12 meses del a\u00f1o natural en curso.<\/p>\n<\/div><\/div><\/div><\/div><\/div><\/div><\/div><\/div><\/div><\/div><\/div><div class=\"vc_col-sm-4 wpb_column vc_column_container\"><div class=\"vc_column-inner\"><div class=\"wpb_wrapper\"><div class=\"wpb_text_column us_custom_03f3d98b\" ><div class=\"wpb_wrapper\"><h2><span style=\"color: #ed6b00;\">DARSE DE ALTA<\/span><\/h2>\n<p>La cuota anual para asociados es de 51 euros y de 46,50 euros la de los familiares mayores de 17 a\u00f1os (los menores de esta edad tienen cuota gratuita). Estos importes corresponden a los 12 meses del a\u00f1o natural en curso.<\/p>\n<hr \/>\n<p>Para las nuevas altas, el importe de la cuota se calcula en proporci\u00f3n a los meses que resten de a\u00f1o natural en el momento de solicitar el alta (siendo el importe m\u00ednimo de tres mensualidades), a contar a partir del mes siguiente a la aprobaci\u00f3n del alta.<\/p>\n<hr \/>\n<\/div><\/div><div class=\"w-separator size_small\"><\/div><div class=\"w-iconbox iconpos_right style_circle color_contrast align_center no_title\"><div class=\"w-iconbox-meta\"><div class=\"w-iconbox-text\"><p style=\"text-align: left;\">Utiliza este formulario para solicitar el alta como asociado o asociada y descubre las ventajas que conlleva:<\/p>\n<\/div><\/div><div class=\"w-iconbox-icon\"><i class=\"fas fa-arrow-up\"><\/i><\/div><\/div><\/div><\/div><\/div><\/div><\/div><\/section>\n<\/div>","protected":false},"excerpt":{"rendered":"[vc_raw_html]W2Zvcm11bGFyaV9hbHRhX2Fzc29jaWF0XQ==[\/vc_raw_html]\u00a1No te lo pienses m\u00e1s! Si trabajas en CaixaBank o la Fundaci\u00f3n \u00abla Caixa\u00bb te puedes dar de alta en la Asociaci\u00f3n del Personal de \u00abla Caixa\u00bb y disfrutar del deporte, la cultura, la solidaridad y las muchas ventajas que tenemos y que queremos compartir contigo. Hacerse de la Soci y formar parte de esta...","protected":false},"author":2,"featured_media":0,"parent":0,"menu_order":0,"comment_status":"closed","ping_status":"closed","template":"","meta":{"footnotes":""},"class_list":["post-7933","page","type-page","status-publish","hentry"],"_links":{"self":[{"href":"https:\/\/www.lasoci.org\/es\/wp-json\/wp\/v2\/pages\/7933","targetHints":{"allow":["GET"]}}],"collection":[{"href":"https:\/\/www.lasoci.org\/es\/wp-json\/wp\/v2\/pages"}],"about":[{"href":"https:\/\/www.lasoci.org\/es\/wp-json\/wp\/v2\/types\/page"}],"author":[{"embeddable":true,"href":"https:\/\/www.lasoci.org\/es\/wp-json\/wp\/v2\/users\/2"}],"replies":[{"embeddable":true,"href":"https:\/\/www.lasoci.org\/es\/wp-json\/wp\/v2\/comments?post=7933"}],"version-history":[{"count":13,"href":"https:\/\/www.lasoci.org\/es\/wp-json\/wp\/v2\/pages\/7933\/revisions"}],"predecessor-version":[{"id":17607,"href":"https:\/\/www.lasoci.org\/es\/wp-json\/wp\/v2\/pages\/7933\/revisions\/17607"}],"wp:attachment":[{"href":"https:\/\/www.lasoci.org\/es\/wp-json\/wp\/v2\/media?parent=7933"}],"curies":[{"name":"wp","href":"https:\/\/api.w.org\/{rel}","templated":true}]}}

<div class="wpb-content-wrapper"><section class="l-section wpb_row height_medium with_overlay"><div class="l-section-overlay" style="background: #ffffff"></div><div class="l-section-h i-cf"><div class="g-cols vc_row type_default valign_top"><div class="vc_col-sm-12 wpb_column vc_column_container"><div class="vc_column-inner"><div class="wpb_wrapper">[vc_raw_html]W2Zvcm11bGFyaV9hbHRhX2Fzc29jaWF0XQ==[/vc_raw_html]</div></div></div></div></div></section><section class="l-section wpb_row height_auto width_full with_overlay" id="intro"><div class="l-section-overlay" style="background: #f5f5f5"></div><div class="l-section-h i-cf"><div class="g-cols vc_row type_default valign_top"><div class="vc_col-sm-12 wpb_column vc_column_container"><div class="vc_column-inner"><div class="wpb_wrapper"><div class="g-cols wpb_row  type_boxes valign_top vc_inner"><div class="vc_col-sm-6 wpb_column vc_column_container has-fill"><div class="vc_column-inner us_custom_61f533f9"><div class="wpb_wrapper"></div></div></div><div class="vc_col-sm-6 wpb_column vc_column_container"><div class="vc_column-inner us_custom_5207ad5b"><div class="wpb_wrapper"><div class="wpb_text_column" ><div class="wpb_wrapper"><h2 class="m-3660141812691238551msonospacing">¡No te lo pienses más!</h2>
<p>Si trabajas en CaixaBank o la Fundación «la Caixa» te puedes dar de alta en la Asociación del Personal de «la Caixa» y disfrutar del deporte, la cultura, la solidaridad y las muchas ventajas que tenemos y que queremos compartir contigo.</p>
<p>Hacerse de la Soci y formar parte de esta gran familia implica poder apuntarse a cualquier sección o actividad de la Asociación, y recibir aportaciones económicas por participar de las actividades de las secciones de las que formes parte.</p>
</div></div></div></div></div></div></div></div></div></div></div></section><section class="l-section wpb_row height_small color_secondary"><div class="l-section-h i-cf"><div class="g-cols vc_row type_default valign_top"><div class="vc_col-sm-12 wpb_column vc_column_container"><div class="vc_column-inner"><div class="wpb_wrapper"><div class="wpb_text_column" ><div class="wpb_wrapper"><h2 style="text-align: center;">Te invitamos a ser de los nuestros</h2>
</div></div></div></div></div></div></div></section><section class="l-section wpb_row height_medium color_alternate"><div class="l-section-h i-cf"><div class="g-cols vc_row type_default valign_top"><div class="vc_col-sm-8 wpb_column vc_column_container"><div class="vc_column-inner"><div class="wpb_wrapper"><div class="wpb_text_column" ><div class="wpb_wrapper"><h2><span style="color: #ed6b00;">PREGUNTAS FRECUENTES</span></h2>
</div></div><div class="w-separator size_medium"></div><div class="w-tabs style_default switch_click accordion has_scrolling title_atleft icon_chevron iconpos_right"><div class="w-tabs-sections"><div class="w-tabs-sections-h"><div class="w-tabs-section with_icon" id="1574795568296-aa725e24-209f"><button aria-controls="content-1574795568296-aa725e24-209f" class="w-tabs-section-header"><div class="w-tabs-section-header-h"><i class="fas fa-question-circle"></i><div class="w-tabs-section-title">¿Quién se puede asociar?</div><div class="w-tabs-section-control"></div></div></button><div class="w-tabs-section-content" id="content-1574795568296-aa725e24-209f" aria-expanded="false"><div class="w-tabs-section-content-h i-cf"><div class="wpb_text_column" ><div class="wpb_wrapper"><p>Todos los empleados en activo, jubilados, prejubilados y afectados por un ERE de CaixaBank y la Fundación «la Caixa» pueden formar parte de la Asociación del Personal de «la Caixa».</p>
</div></div></div></div></div><div class="w-tabs-section with_icon" id="1574795568331-8418e140-c7b4"><button aria-controls="content-1574795568331-8418e140-c7b4" class="w-tabs-section-header"><div class="w-tabs-section-header-h"><i class="fas fa-question-circle"></i><div class="w-tabs-section-title">¿Mi familia se puede beneficiar?</div><div class="w-tabs-section-control"></div></div></button><div class="w-tabs-section-content" id="content-1574795568331-8418e140-c7b4" aria-expanded="false"><div class="w-tabs-section-content-h i-cf"><div class="wpb_text_column" ><div class="wpb_wrapper"><p>Sí, los familiares de primer y segundo grado de un asociado también pueden darse de alta en la Soci y beneficiarse de todas las ventajas. Así pues, abuelos, padres, hermanos, hijos y nietos, así como el cónyuge o pareja, abuelos del cónyuge o pareja, suegros, cuñados y yerno / nuera, sin que sea necesario que haya convivencia.</p>
</div></div></div></div></div><div class="w-tabs-section with_icon" id="1574795568369-0a4dff31-3bc4"><button aria-controls="content-1574795568369-0a4dff31-3bc4" class="w-tabs-section-header"><div class="w-tabs-section-header-h"><i class="fas fa-question-circle"></i><div class="w-tabs-section-title">¿Estoy obligado a ser de alguna sección?</div><div class="w-tabs-section-control"></div></div></button><div class="w-tabs-section-content" id="content-1574795568369-0a4dff31-3bc4" aria-expanded="false"><div class="w-tabs-section-content-h i-cf"><div class="wpb_text_column" ><div class="wpb_wrapper"><p>No, no es necesario. Siempre puedes beneficiarte de actividades para toda la familia, de las ventajas al colectivo y participar en todas las actividades del PAS-Voluntarios de «la Caixa».</p>
</div></div></div></div></div><div class="w-tabs-section with_icon" id="1574795568408-6e157c64-dd94"><button aria-controls="content-1574795568408-6e157c64-dd94" class="w-tabs-section-header"><div class="w-tabs-section-header-h"><i class="fas fa-question-circle"></i><div class="w-tabs-section-title">¿Puedo crear una sección nueva?</div><div class="w-tabs-section-control"></div></div></button><div class="w-tabs-section-content" id="content-1574795568408-6e157c64-dd94" aria-expanded="false"><div class="w-tabs-section-content-h i-cf"><div class="wpb_text_column" ><div class="wpb_wrapper"><p>Sí, si no encuentras la sección a la que te gustaría apuntarte en tu zona, puedes crearla. Sólo tienes que hacer la propuesta y, si hay quórum, ya podrás practicar tu afición.</p>
</div></div></div></div></div><div class="w-tabs-section with_icon" id="1574795568448-7218f730-6247"><button aria-controls="content-1574795568448-7218f730-6247" class="w-tabs-section-header"><div class="w-tabs-section-header-h"><i class="fas fa-question-circle"></i><div class="w-tabs-section-title">¿Hasta cuándo puedo ser de La Soci?</div><div class="w-tabs-section-control"></div></div></button><div class="w-tabs-section-content" id="content-1574795568448-7218f730-6247" aria-expanded="false"><div class="w-tabs-section-content-h i-cf"><div class="wpb_text_column" ><div class="wpb_wrapper"><p>Puedes formar parte de la Soci siempre que seas trabajador de CaixaBank o la Fundación «la Caixa», y también si te jubilas, te has prejubilado o te acoges a un ERE en alguna de estas dos entidades.</p>
</div></div></div></div></div><div class="w-tabs-section with_icon" id="1574795568486-e7dee384-f4a8"><button aria-controls="content-1574795568486-e7dee384-f4a8" class="w-tabs-section-header"><div class="w-tabs-section-header-h"><i class="fas fa-question-circle"></i><div class="w-tabs-section-title">¿Cómo me puedo dar de alta de La Soci?</div><div class="w-tabs-section-control"></div></div></button><div class="w-tabs-section-content" id="content-1574795568486-e7dee384-f4a8" aria-expanded="false"><div class="w-tabs-section-content-h i-cf"><div class="wpb_text_column" ><div class="wpb_wrapper"><p>Para date de alta y poder disfrutar de todos los servicios y las ventajas de nuestro colectivo simplemente pulse la opción «<a href="https://www.lasoci.org/es/alta-on-line/">asóciate</a>» y rellena el formulario que encontrarás.</p>
</div></div></div></div></div><div class="w-tabs-section with_icon" id="1574795568523-204b7066-626b"><button aria-controls="content-1574795568523-204b7066-626b" class="w-tabs-section-header"><div class="w-tabs-section-header-h"><i class="fas fa-question-circle"></i><div class="w-tabs-section-title">¿Cuánto cuesta ser de La Soci?</div><div class="w-tabs-section-control"></div></div></button><div class="w-tabs-section-content" id="content-1574795568523-204b7066-626b" aria-expanded="false"><div class="w-tabs-section-content-h i-cf"><div class="wpb_text_column" ><div class="wpb_wrapper"><p>Un importe simbólico: la cuota anual para asociados es de 49,50 euros y de 45 euros la de los familiares mayores de 17 años (los menores de esta edad tienen cuota gratuita). Estos importes corresponden a los 12 meses del año natural en curso.</p>
</div></div></div></div></div></div></div></div></div></div></div><div class="vc_col-sm-4 wpb_column vc_column_container"><div class="vc_column-inner"><div class="wpb_wrapper"><div class="wpb_text_column us_custom_03f3d98b" ><div class="wpb_wrapper"><h2><span style="color: #ed6b00;">DARSE DE ALTA</span></h2>
<p>La cuota anual para asociados es de 51 euros y de 46,50 euros la de los familiares mayores de 17 años (los menores de esta edad tienen cuota gratuita). Estos importes corresponden a los 12 meses del año natural en curso.</p>
<hr />
<p>Para las nuevas altas, el importe de la cuota se calcula en proporción a los meses que resten de año natural en el momento de solicitar el alta (siendo el importe mínimo de tres mensualidades), a contar a partir del mes siguiente a la aprobación del alta.</p>
<hr />
</div></div><div class="w-separator size_small"></div><div class="w-iconbox iconpos_right style_circle color_contrast align_center no_title"><div class="w-iconbox-meta"><div class="w-iconbox-text"><p style="text-align: left;">Utiliza este formulario para solicitar el alta como asociado o asociada y descubre las ventajas que conlleva:</p>
</div></div><div class="w-iconbox-icon"><i class="fas fa-arrow-up"></i></div></div></div></div></div></div></div></section>
</div>

[vc_raw_html]W2Zvcm11bGFyaV9hbHRhX2Fzc29jaWF0XQ==[/vc_raw_html]¡No te lo pienses más! Si trabajas en CaixaBank o la Fundación «la Caixa» te puedes dar de alta en la Asociación del Personal de «la Caixa» y disfrutar del deporte, la cultura, la solidaridad y las muchas ventajas que tenemos y que queremos compartir contigo. Hacerse de la Soci y formar parte de esta...
