{"id":12085,"date":"2022-09-14T14:22:28","date_gmt":"2022-09-14T12:22:28","guid":{"rendered":"https:\/\/www.lasoci.org\/?page_id=12085"},"modified":"2022-09-14T14:22:51","modified_gmt":"2022-09-14T12:22:51","slug":"elecciones-a-junta-rectora-proclamacion-provisional-de-rectores-y-rectoras","status":"publish","type":"page","link":"https:\/\/www.lasoci.org\/es\/elecciones-a-junta-rectora-proclamacion-provisional-de-rectores-y-rectoras\/","title":{"rendered":"Elecciones a Junta Rectora. Proclamaci\u00f3n provisional de rectores y rectoras."},"content":{"rendered":"\n<p class=\"has-content-bg-color has-text-color\"><span class=\"has-inline-color has-content-bg-color\">.<\/span><\/p>\n\n\n\n<p><\/p>\n\n\n\n<p>Teni\u00e9ndose que hacer la proclamaci\u00f3n definitiva de candidatos para las elecciones a Junta Rectora, de acuerdo con el art\u00edculo 8\u00ba del Reglamento Electoral, comunicamos que no se ha recibido ninguna impugnaci\u00f3n a las candidaturas presentadas.<\/p>\n\n\n\n<p>Por tanto, en aplicaci\u00f3n de dicho art\u00edculo y para las demarcaciones donde se ha presentado un n\u00famero menor o igual al de las plazas vacantes existentes, se procede a hacer la proclamaci\u00f3n provisional como rectores de los candidatos presentados, sin necesidad de proceder a la emisi\u00f3n del voto. Pod\u00e9is ver <a href=\"https:\/\/admin.lasoci.org\/documents\/noticies\/2022%20RECTORES%20PROVISIONALES.pdf\" target=\"_blank\" rel=\"noreferrer noopener\">aqu\u00ed<\/a> la relaci\u00f3n.<\/p>\n\n\n\n<p>Esta proclamaci\u00f3n pasar\u00e1 a ser definitiva cuando finalice el proceso electoral en las demarcaciones donde es necesario efectuar votaciones.<\/p>\n\n\n\n<p><strong>Comisi\u00f3n Electoral<\/strong><\/p>\n\n\n\n<p><\/p>\n","protected":false},"excerpt":{"rendered":"<p>. Teni\u00e9ndose que hacer la proclamaci\u00f3n definitiva de candidatos para las elecciones a Junta Rectora, de acuerdo con el art\u00edculo 8\u00ba del Reglamento Electoral, comunicamos que no se ha recibido ninguna impugnaci\u00f3n a las candidaturas presentadas. Por tanto, en aplicaci\u00f3n de dicho art\u00edculo y para las demarcaciones donde se ha presentado un n\u00famero menor o&#8230;<\/p>\n","protected":false},"author":5,"featured_media":0,"parent":0,"menu_order":0,"comment_status":"closed","ping_status":"closed","template":"pagina_privada.php","meta":{"footnotes":""},"class_list":["post-12085","page","type-page","status-publish","hentry"],"_links":{"self":[{"href":"https:\/\/www.lasoci.org\/es\/wp-json\/wp\/v2\/pages\/12085","targetHints":{"allow":["GET"]}}],"collection":[{"href":"https:\/\/www.lasoci.org\/es\/wp-json\/wp\/v2\/pages"}],"about":[{"href":"https:\/\/www.lasoci.org\/es\/wp-json\/wp\/v2\/types\/page"}],"author":[{"embeddable":true,"href":"https:\/\/www.lasoci.org\/es\/wp-json\/wp\/v2\/users\/5"}],"replies":[{"embeddable":true,"href":"https:\/\/www.lasoci.org\/es\/wp-json\/wp\/v2\/comments?post=12085"}],"version-history":[{"count":5,"href":"https:\/\/www.lasoci.org\/es\/wp-json\/wp\/v2\/pages\/12085\/revisions"}],"predecessor-version":[{"id":12098,"href":"https:\/\/www.lasoci.org\/es\/wp-json\/wp\/v2\/pages\/12085\/revisions\/12098"}],"wp:attachment":[{"href":"https:\/\/www.lasoci.org\/es\/wp-json\/wp\/v2\/media?parent=12085"}],"curies":[{"name":"wp","href":"https:\/\/api.w.org\/{rel}","templated":true}]}}

Elecciones a Junta Rectora. Proclamación provisional de rectores y rectoras.

<p class="has-content-bg-color has-text-color"><span class="has-inline-color has-content-bg-color">.</span></p>



<p></p>



<p>Teniéndose que hacer la proclamación definitiva de candidatos para las elecciones a Junta Rectora, de acuerdo con el artículo 8º del Reglamento Electoral, comunicamos que no se ha recibido ninguna impugnación a las candidaturas presentadas.</p>



<p>Por tanto, en aplicación de dicho artículo y para las demarcaciones donde se ha presentado un número menor o igual al de las plazas vacantes existentes, se procede a hacer la proclamación provisional como rectores de los candidatos presentados, sin necesidad de proceder a la emisión del voto. Podéis ver <a href="https://admin.lasoci.org/documents/noticies/2022%20RECTORES%20PROVISIONALES.pdf" target="_blank" rel="noreferrer noopener">aquí</a> la relación.</p>



<p>Esta proclamación pasará a ser definitiva cuando finalice el proceso electoral en las demarcaciones donde es necesario efectuar votaciones.</p>



<p><strong>Comisión Electoral</strong></p>



<p></p>

<p>. Teniéndose que hacer la proclamación definitiva de candidatos para las elecciones a Junta Rectora, de acuerdo con el artículo 8º del Reglamento Electoral, comunicamos que no se ha recibido ninguna impugnación a las candidaturas presentadas. Por tanto, en aplicación de dicho artículo y para las demarcaciones donde se ha presentado un número menor o&#8230;</p>
